1981*c - 3235*c = 8778. Calculate d(c).
2
Let m(u) = -3*u + 70. Let x = -498 + 520. Let a be m(x). Let n(q) = -9*q + 6. Determine n(a).
-30
Let i(g) be the third derivative of -g**6/120 + g**5/12 - g**3/6 + 4*g**2. Let l(n) = -1 - 2 + 8*n**2 - 4*n**3 - 4*n**2. Let q be l(-1). Determine i(q).
-1
Let w(x) = -48*x**2 - 38*x + 63. Let i(o) = -29*o**2 - 19*o + 34. Let t(g) = 5*i(g) - 3*w(g). Give t(14).
51
Let u(k) = k - 3. Suppose 0 = 2*m - 6*m - 160. Suppose -d - 32 = i, 2*i = 2*d + 19 + 53. Let l = d - m. Calculate u(l).
3
Let g(t) be the second derivative of 0 + 3*t - 1/6*t**3 - 3*t**2. Let l = -5764 - -5758. Calculate g(l).
0
Let t(h) = h**3 + 3*h**2 - 3*h + 10. Suppose -4*z = -j + 21, -186 = 3*z + 2*j - 184. Give t(z).
6
Let t = -5 - -15. Let j(m) = -115 + 227 - 2*m**2 - 117 + 22*m - 2*m. Give j(t).
-5
Let o(x) = x**2 + 35*x + 3. Let b be o(-35). Let c(t) = 8 - t**3 + 9*t**b - 4*t - 9*t**3 + 6*t**2. Give c(6).
-16
Let u(v) = v**2 - 25*v + 147. Let h be (-210)/(-12)*(-80)/(-140). What is u(h)?
-3
Let f be (-4)/22 - (-4)/((-176)/(-52)). Let j(v) = -7*v + 4. Let o(k) = -1. Let h(s) = f*j(s) + o(s). Calculate h(2).
-11
Let c(j) = -j**2 + 603*j + 0*j**2 + 593*j - 3 - 1196*j. Determine c(-5).
-28
Let q = 3440 + -3443. Let w(b) = b**3 + 6*b**2 + 7*b. Calculate w(q).
6
Let v(c) = c**2 - c. Let r = -45 - -47. Suppose 2*w + 3*d = 11, -2*d + 14 = -3*w - r. Give v(w).
6
Suppose 26*u = 24*u + 8. Let a be u + (1 - 1) + -2. Let r(x) = a*x - 3 + 6 - 2 + 4. Determine r(-5).
-5
Let p(g) = 11*g**2 - 2223*g + 202. Let m be p(202). Let h(i) = -3*i**3 - 3*i**2 - i - 11. Let c(a) = a**3 + a**2 + a + 1. Let b(o) = 2*c(o) + h(o). Give b(m).
-9
Let d(k) = 2*k**2 - 21*k - 20. Suppose -198*l + 199*l - 39 = -4*s, -34 = -5*l + 3*s. Give d(l).
-9
Suppose t - 3*t + 25 = -5*f, 0 = -2*f + 5*t - 31. Let s = -2 - f. Let q(h) be the first derivative of -13*h**3/3 + h**2 - h - 39529. Calculate q(s).
-12
Let m(q) be the first derivative of 5/2*q**2 + 5 - 6*q + 1/3*q**3. Determine m(-7).
8
Let v(i) be the first derivative of -i**4/4 - 8*i**3/3 - 3*i**2 - 8*i - 1308. Suppose 5*w - t + 37 = 0, 8*t - 45 = 5*w + 3*t. What is v(w)?
-15
Let p be -5 + -1 - (-38 - -28). Let n be (-14)/(-10)*(-4)/p*-5. Let i(h) = -h**3 + 7*h**2 - 1. Give i(n).
-1
Let g(i) = -4*i**3 + 4*i - 3. Suppose 8*p = -3*p + 37*p - 26. What is g(p)?
-3
Suppose -5*w + 3*w = 4, -2*w - 16 = -4*z. Let u(b) = z*b - 1 + 11 + 5 - 4*b. Let m = -1812 + 1819. Calculate u(m).
8
Suppose -5*t = 52*k - 47*k - 35, 0 = -3*k + 4*t - 14. Let u(l) = -2*l**3 - 4*l**2 + 7*l - 8. Calculate u(k).
-26
Let o = 13 - 6. Let u(p) = -7*p - 62*p**2 - 79*p**2 + 142*p**2 - 3. What is u(o)?
-3
Let o(u) = 2*u**2 + 54*u - 114. Let f be o(-29). Suppose -3*w - 1 = 2*y, -6*y = f*w - 2*y - 10. Let z(t) = 2*t - 3. What is z(w)?
-9
Let y(v) be the first derivative of -3*v - 3*v + v**2 + 42 - 6*v - 2*v**2 + 15*v. Calculate y(3).
-3
Suppose v + 53 - 55 = 0. Suppose v*u = u - 9*u. Let w(d) = 0*d + d**3 - 2*d + u*d**3. Calculate w(-2).
-4
Let m(f) = -4*f. Let x(s) = 39*s + 19. Let y(u) = 20*u + 10. Let t(z) = -4*x(z) + 7*y(z). Let k(g) = -2*m(g) + t(g). Calculate k(-6).
42
Suppose 3*y + m - 10 + 0 = 0, -y - m + 6 = 0. Let c(s) = 6*s + 235*s**2 - 2 - 234*s**y - 2. Determine c(-6).
-4
Let w(v) = -4*v**3 + 13*v**2 + v - 18. Let m(r) = -3*r**3 + 10*r**2 + r - 15. Let p(j) = 5*m(j) - 4*w(j). What is p(3)?
9
Suppose -2*z = -4*z - 14. Let h(g) be the first derivative of g**4/4 + 5*g**3/3 - 8*g**2 - 7*g - 55. Let w be h(z). Let m(p) = p**2 - 7*p + 1. Give m(w).
1
Let w(g) = -29*g + 942. Let d be w(32). Let l(y) = -3*y**2 + 37*y + 70. Calculate l(d).
0
Let q(i) = -i**3 + 5*i**2 - 10*i + 9. Let s be q(3). Let h(u) be the second derivative of -u**3/2 - 3*u**2/2 - 8*u - 11. Give h(s).
6
Let j(f) = -52*f - 5. Let q(t) = -81*t - 1. Let w(u) = j(u) - q(u). What is w(1)?
25
Let z(l) be the third derivative of l**5/60 + 11*l**4/24 + 3*l**3/2 + 2*l**2. Let t be (3 - 0) + 20*(-5)/(-2). Let q = t + -59. Give z(q).
-21
Let u(t) = t**2 + t - 1. Let z(k) = -2*k**2 - 4*k + 1. Suppose 3*c = 3*f + 12, 0 = -3*f - 9 + 3. Let i = c - 1. Let r(x) = i*u(x) + z(x). Give r(-2).
2
Let l = 3609 + -3608. Let n be (-6)/(-16) - (-121)/(-88). Let s(o) = -o**3 + o**2 - o - 1. Let z(v) = -3*v**3 - 2. Let m(y) = n*z(y) + s(y). Calculate m(l).
3
Let k be -2 + 2 + (-4 - 70). Let o = k - -73. Let g(x) = 148*x**2 + 144*x**2 - x - 18*x**3 - 293*x**2. Calculate g(o).
18
Let t(x) = x**2 + 7*x - 5. Suppose -71 = 3*h + 1. Let u be (1/2)/(2/h). Calculate t(u).
-11
Let k be 5 + (30/(-27) + 0)*(-29 + 32). Let l(t) be the first derivative of t + 10 - t**2 - 1/4*t**4 + k*t**3. Calculate l(3).
13
Suppose -4*j + 3*j = -10. Let s(t) be the first derivative of t**4/4 - 10*t**3/3 - 3*t**2/2 - 6*t - 48814. Calculate s(j).
-36
Let y(a) be the second derivative of a**4/4 + a**2/2 + 327*a. Give y(2).
13
Let j be (-15 - (-72)/5)*5. Let p(x) = -21*x - 60. What is p(j)?
3
Let u(a) be the second derivative of a**3/6 + 19*a**2 + 691*a. Give u(-12).
26
Suppose -3*c + r - 442 = -439, 3*c = 2*r - 6. Let z(x) = 12*x - 11. Determine z(c).
-11
Let d(i) = -8*i - 200. Let c be (1 - -12)*-2 - (4 - 5). Let r be d(c). Let j(k) = -k - 11. What is j(r)?
-11
Let q(u) be the first derivative of u**3/3 - 17*u**2/2 + 6*u - 158. What is q(17)?
6
Let z = 151536 - 151541. Let c(n) = -4*n**2 - n**2 + 6 + 6*n**2 - n. What is c(z)?
36
Let h(w) = -w - 65. Let a be h(-16). Suppose -3*u + 41 = -124. Let j = a + u. Let q(b) = b**3 - 6*b**2 - b - 2. Determine q(j).
-8
Let g(v) be the third derivative of -v**6/120 - 2*v**5/15 - 5*v**4/24 + v**3/6 + 3*v**2. Let h = -2059 - -2052. Determine g(h).
-13
Let t = 30 - 0. Let u be ((-4)/5)/(t/(-675)). Suppose -n = n - u. Let f(p) = p**3 - 9*p**2 + p + 1. What is f(n)?
10
Let x(n) be the third derivative of 7*n**4/24 - 11*n**3 - 10*n**2 + 2*n - 3. Determine x(8).
-10
Suppose 0 = 11*p - 63 - 201. Suppose h = -6*b + 2*b - 3, 4*h + 4*b = -p. Let z(k) = k**3 + 6*k**2 - 6*k + 5. What is z(h)?
-2
Let m(c) = c + 14. Let h be -3 - ((-4)/(-6) - 266/21). Let j be (-27)/27*(1 + h). What is m(j)?
4
Let p(y) = -10*y + 6*y + 124 - 248 + 133. Suppose 2*f + 6*s - 12 = 2*s, 4*s = -4*f + 20. Determine p(f).
-7
Let b(w) = w**2 + 2*w + 7. Let g be b(3). Let z = g + 12. Let c(p) = 35*p + p**3 - 3 - z*p - 2*p**3. What is c(-3)?
21
Let t(j) be the third derivative of -j**5/60 + j**4/2 - 13*j**3/6 + 17*j**2 + 11*j. Let a be 2 - 18/(-2 - 0). Calculate t(a).
-2
Let z(t) = 11*t + 2. Let m = 300 + -346. Let n = -43 - m. Give z(n).
35
Let q(i) be the second derivative of i**5/20 + i**4/6 - i**3/6 + 3*i**2/2 - 2978*i. Calculate q(-2).
5
Let a(r) = r + 17*r + 40 - 4*r - 3*r - 9*r. Calculate a(-19).
2
Suppose -3700*i - 38 = -3705*i - 13. Let b(y) = 11*y - 64. Determine b(i).
-9
Let h(c) be the third derivative of c**5/60 - 43*c**4/24 - 77*c**3/2 + 58*c**2. Determine h(48).
9
Let o = 1285 - 824. Let x = o - 463. Let k(b) = 10*b + 3. Give k(x).
-17
Let g be ((-1 - -4) + -2)/(1/(-4)). Let z(j) = j**2 + 3*j + 2. Let l be z(g). Let m(t) = -t**3 + 8*t**2 - 7*t - 8. Determine m(l).
22
Let m(v) = -4337 + 4*v - v**2 + 4*v + 4335. Suppose 2*t = -4*w + 4, -3 = 5*w + 2. Calculate m(t).
14
Let l(s) = 4*s + 3. Suppose 0*o - o + 2 = 0. Suppose h = t - 12, 5*t = t + o*h + 58. Let m = 15 - t. What is l(m)?
-5
Let a(u) be the third derivative of -u**7/2520 - u**6/144 - u**5/40 - 5*u**4/24 + u**3/2 - u**2 - 91*u. Let p(w) be the second derivative of a(w). Give p(-3).
3
Let v(l) = 32*l - 12. Let r be v(14). Suppose 435*a = r*a - 8. Let g(x) = x - 3. Determine g(a).
5
Let g(z) = -21*z**2 + 124*z + 226. Let x(d) = 5*d**2 - 30*d - 54. Let h(m) = -6*g(m) - 25*x(m). Calculate h(8).
106
Let j be -52 + 42 + (2 - -12). Let k(x) be the third derivative of 0*x**j - 1/120*x**6 + 0*x - 16*x**2 + 0 + x**3 + 1/10*x**5. Give k(6).
6
Let n(c) be the third derivative of -4 + 0*c**3 + 1/60*c**5 - 1/3*c**4 - 13*c**2 + 0*c. What is n(9)?
9
Let a be 3*-17*15/(-45). Let j(g) = -g + 18. Calculate j(a).
1
Let w(t) = t + 0*t - 52 + 74 - 36. Determine w(-5).
-19
Let f(n) = -n**3 - 5*n. Let r be f(-5). Let v(o) = 32*o**2 - 2*o + 47*o**2 - r*o**2 - 1 + 44*o**2. Give v(-1).
-26
Let u be 8/14*(14 - 7). Let o(j) = -2*j - 2. Let c be o(-2). Let x(m) = 2*m**3 + 3*m**c - 6 - 9*m**3 + 5*m + 6*m**3. 